{"id":76,"date":"2016-01-18T20:35:52","date_gmt":"2016-01-18T20:35:52","guid":{"rendered":"http:\/\/kerteszeti.tanuljkertesz.hu\/?page_id=76"},"modified":"2024-04-19T17:06:51","modified_gmt":"2024-04-19T17:06:51","slug":"konyvtarunk","status":"publish","type":"page","link":"https:\/\/proscnat.org\/kerteszeti\/konyvtarunk\/","title":{"rendered":"K\u00f6nyvt\u00e1runk"},"content":{"rendered":"\t\t<div data-elementor-type=\"wp-page\" data-elementor-id=\"76\" class=\"elementor elementor-76\" data-elementor-post-type=\"page\">\n\t\t\t\t\t\t\t\t\t<section class=\"elementor-section elementor-top-section elementor-element elementor-element-26e2e669 elementor-section-height-min-height elementor-section-boxed elementor-section-height-default elementor-section-items-middle\" data-id=\"26e2e669\" data-element_type=\"section\" data-settings=\"{&quot;background_background&quot;:&quot;classic&quot;}\">\n\t\t\t\t\t\t\t<div class=\"elementor-background-overlay\"><\/div>\n\t\t\t\t\t\t\t<div class=\"elementor-container elementor-column-gap-default\">\n\t\t\t\t\t<div class=\"elementor-column elementor-col-100 elementor-top-column elementor-element elementor-element-1441a3c4\" data-id=\"1441a3c4\" data-element_type=\"column\">\n\t\t\t<div class=\"elementor-widget-wrap elementor-element-populated\">\n\t\t\t\t\t\t\t\t<div class=\"elementor-element elementor-element-38e2d809 elementor-invisible elementor-widget elementor-widget-heading\" data-id=\"38e2d809\" data-element_type=\"widget\" data-settings=\"{&quot;_animation&quot;:&quot;fadeIn&quot;}\" data-widget_type=\"heading.default\">\n\t\t\t\t<div class=\"elementor-widget-container\">\n\t\t\t<style>\/*! elementor - v3.17.0 - 25-10-2023 *\/\n.elementor-heading-title{padding:0;margin:0;line-height:1}.elementor-widget-heading .elementor-heading-title[class*=elementor-size-]>a{color:inherit;font-size:inherit;line-height:inherit}.elementor-widget-heading .elementor-heading-title.elementor-size-small{font-size:15px}.elementor-widget-heading .elementor-heading-title.elementor-size-medium{font-size:19px}.elementor-widget-heading .elementor-heading-title.elementor-size-large{font-size:29px}.elementor-widget-heading .elementor-heading-title.elementor-size-xl{font-size:39px}.elementor-widget-heading .elementor-heading-title.elementor-size-xxl{font-size:59px}<\/style><h2 class=\"elementor-heading-title elementor-size-default\">K\u00f6nyvt\u00e1runk<\/h2>\t\t<\/div>\n\t\t\t\t<\/div>\n\t\t\t\t<div class=\"elementor-element elementor-element-7680c23d elementor-icon-list--layout-inline elementor-align-center elementor-list-item-link-full_width elementor-invisible elementor-widget elementor-widget-icon-list\" data-id=\"7680c23d\" data-element_type=\"widget\" data-settings=\"{&quot;_animation&quot;:&quot;fadeIn&quot;,&quot;_animation_delay&quot;:200}\" data-widget_type=\"icon-list.default\">\n\t\t\t\t<div class=\"elementor-widget-container\">\n\t\t\t<link rel=\"stylesheet\" href=\"https:\/\/proscnat.org\/kerteszeti\/wp-content\/plugins\/elementor\/assets\/css\/widget-icon-list.min.css\">\t\t<ul class=\"elementor-icon-list-items elementor-inline-items\">\n\t\t\t\t\t\t\t<li class=\"elementor-icon-list-item elementor-inline-item\">\n\t\t\t\t\t\t\t\t\t\t\t<a href=\"https:\/\/proscnat.org\/kerteszeti\">\n\n\t\t\t\t\t\t\t\t\t\t\t<span class=\"elementor-icon-list-text\">Nyit\u00f3lap<\/span>\n\t\t\t\t\t\t\t\t\t\t\t<\/a>\n\t\t\t\t\t\t\t\t\t<\/li>\n\t\t\t\t\t\t\t\t<li class=\"elementor-icon-list-item elementor-inline-item\">\n\t\t\t\t\t\t\t\t\t\t\t<span class=\"elementor-icon-list-icon\">\n\t\t\t\t\t\t\t<i aria-hidden=\"true\" class=\"icon icon-right-arrow1\"><\/i>\t\t\t\t\t\t<\/span>\n\t\t\t\t\t\t\t\t\t\t<span class=\"elementor-icon-list-text\">K\u00f6nyvt\u00e1runk<\/span>\n\t\t\t\t\t\t\t\t\t<\/li>\n\t\t\t\t\t\t<\/ul>\n\t\t\t\t<\/div>\n\t\t\t\t<\/div>\n\t\t\t\t\t<\/div>\n\t\t<\/div>\n\t\t\t\t\t\t\t<\/div>\n\t\t<\/section>\n\t\t<div class=\"elementor-element elementor-element-16b81999 e-flex e-con-boxed e-con e-parent\" data-id=\"16b81999\" data-element_type=\"container\" data-settings=\"{&quot;content_width&quot;:&quot;boxed&quot;}\" data-core-v316-plus=\"true\">\n\t\t\t\t\t<div class=\"e-con-inner\">\n\t\t\t\t<div class=\"elementor-element elementor-element-1ae4ce65 elementor-widget elementor-widget-text-editor\" data-id=\"1ae4ce65\" data-element_type=\"widget\" data-widget_type=\"text-editor.default\">\n\t\t\t\t<div class=\"elementor-widget-container\">\n\t\t\t<style>\/*! elementor - v3.17.0 - 25-10-2023 *\/\n.elementor-widget-text-editor.elementor-drop-cap-view-stacked .elementor-drop-cap{background-color:#69727d;color:#fff}.elementor-widget-text-editor.elementor-drop-cap-view-framed .elementor-drop-cap{color:#69727d;border:3px solid;background-color:transparent}.elementor-widget-text-editor:not(.elementor-drop-cap-view-default) .elementor-drop-cap{margin-top:8px}.elementor-widget-text-editor:not(.elementor-drop-cap-view-default) .elementor-drop-cap-letter{width:1em;height:1em}.elementor-widget-text-editor .elementor-drop-cap{float:left;text-align:center;line-height:1;font-size:50px}.elementor-widget-text-editor .elementor-drop-cap-letter{display:inline-block}<\/style>\t\t\t\t<h2 class=\"bodytext\">Tisztelt l\u00e1togat\u00f3!<\/h2><p>K\u00f6nyvt\u00e1runk t\u00f6bb mint 8600 k\u00f6nyvvel\u00a0 rendelkezik k\u00fcl\u00f6nb\u00f6z\u0151 t\u00e9mak\u00f6r\u00f6kben. Ezek a k\u00f6vetkez\u0151ek: \u00e1llatteny\u00e9szt\u00e9s, kert\u00e9szet, sz\u0151l\u00e9szet \u00e9s bor\u00e1szat, d\u00edszn\u00f6v\u00e9nytermeszt\u00e9s, gy\u00f3gyn\u00f6v\u00e9nytermeszt\u00e9s, gy\u00fcm\u00f6lcstermeszt\u00e9s, z\u00f6lds\u00e9gtermeszt\u00e9s, n\u00f6v\u00e9nyv\u00e9delem, sz\u00e1nt\u00f3f\u00f6ldi n\u00f6v\u00e9nytermeszt\u00e9s, k\u00f6rnyezetv\u00e9delem, k\u00e9mia, n\u00f6v\u00e9nytan, agr\u00e1rgazdas\u00e1gtan, talaj \u00e9s f\u00f6ldm\u0171vel\u00e9stan, g\u00e9ptan.<\/p><p>A k\u00f6vetkez\u0151 foly\u00f3iratokkal b\u00fcszk\u00e9lkedhet\u00fcnk: Agrof\u00f3rum, Kert\u00e9szet \u00e9s Sz\u0151l\u00e9szet, Kertbar\u00e1t Magazin, Kistermel\u0151k Lapja,Gabona Kutat\u00f3 H\u00edrad\u00f3,J\u00f3 Gazda.<\/p><p>A k\u00f6nyvt\u00e1rb\u00f3l b\u00e1rmikor tudtok k\u00f6nyvet k\u00f6lcs\u00f6n\u00f6zni munkaid\u0151ben vagy amikor az oktat\u00e1s folyik p\u00e9nteken d\u00e9lut\u00e1n \u00e9s szombaton d\u00e9lel\u0151tt. Ant\u00f3ni\u00e1t, Gerg\u0151t vagy Tibor tan\u00e1r urat keress\u00e9tek ez \u00fcgyben!<\/p>\t\t\t\t\t\t<\/div>\n\t\t\t\t<\/div>\n\t\t\t\t\t<\/div>\n\t\t\t\t<\/div>\n\t\t\t\t\t\t\t<\/div>\n\t\t","protected":false},"excerpt":{"rendered":"<p>K\u00f6nyvt\u00e1runk Nyit\u00f3lap K\u00f6nyvt\u00e1runk Tisztelt l\u00e1togat\u00f3! K\u00f6nyvt\u00e1runk t\u00f6bb mint 8600 k\u00f6nyvvel\u00a0 rendelkezik k\u00fcl\u00f6nb\u00f6z\u0151 t\u00e9mak\u00f6r\u00f6kben. Ezek a k\u00f6vetkez\u0151ek: \u00e1llatteny\u00e9szt\u00e9s, kert\u00e9szet, sz\u0151l\u00e9szet \u00e9s bor\u00e1szat, d\u00edszn\u00f6v\u00e9nytermeszt\u00e9s, gy\u00f3gyn\u00f6v\u00e9nytermeszt\u00e9s, gy\u00fcm\u00f6lcstermeszt\u00e9s, z\u00f6lds\u00e9gtermeszt\u00e9s, n\u00f6v\u00e9nyv\u00e9delem, sz\u00e1nt\u00f3f\u00f6ldi n\u00f6v\u00e9nytermeszt\u00e9s, k\u00f6rnyezetv\u00e9delem, k\u00e9mia, n\u00f6v\u00e9nytan, agr\u00e1rgazdas\u00e1gtan, talaj \u00e9s f\u00f6ldm\u0171vel\u00e9stan, g\u00e9ptan. A k\u00f6vetkez\u0151 foly\u00f3iratokkal b\u00fcszk\u00e9lkedhet\u00fcnk: Agrof\u00f3rum, Kert\u00e9szet \u00e9s Sz\u0151l\u00e9szet, Kertbar\u00e1t Magazin, Kistermel\u0151k Lapja,Gabona Kutat\u00f3 H\u00edrad\u00f3,J\u00f3 Gazda. A k\u00f6nyvt\u00e1rb\u00f3l b\u00e1rmikor tudtok [&hellip;]<\/p>\n","protected":false},"author":3,"featured_media":0,"parent":0,"menu_order":0,"comment_status":"closed","ping_status":"closed","template":"","meta":{"footnotes":""},"_links":{"self":[{"href":"https:\/\/proscnat.org\/kerteszeti\/wp-json\/wp\/v2\/pages\/76"}],"collection":[{"href":"https:\/\/proscnat.org\/kerteszeti\/wp-json\/wp\/v2\/pages"}],"about":[{"href":"https:\/\/proscnat.org\/kerteszeti\/wp-json\/wp\/v2\/types\/page"}],"author":[{"embeddable":true,"href":"https:\/\/proscnat.org\/kerteszeti\/wp-json\/wp\/v2\/users\/3"}],"replies":[{"embeddable":true,"href":"https:\/\/proscnat.org\/kerteszeti\/wp-json\/wp\/v2\/comments?post=76"}],"version-history":[{"count":15,"href":"https:\/\/proscnat.org\/kerteszeti\/wp-json\/wp\/v2\/pages\/76\/revisions"}],"predecessor-version":[{"id":4759,"href":"https:\/\/proscnat.org\/kerteszeti\/wp-json\/wp\/v2\/pages\/76\/revisions\/4759"}],"wp:attachment":[{"href":"https:\/\/proscnat.org\/kerteszeti\/wp-json\/wp\/v2\/media?parent=76"}],"curies":[{"name":"wp","href":"https:\/\/api.w.org\/{rel}","templated":true}]}}