{"id":4321,"date":"2024-03-18T10:30:58","date_gmt":"2024-03-18T10:30:58","guid":{"rendered":"https:\/\/proscnat.org\/proscnat\/?page_id=4321"},"modified":"2024-07-22T09:52:42","modified_gmt":"2024-07-22T09:52:42","slug":"ki-vagyok-en","status":"publish","type":"page","link":"https:\/\/proscnat.org\/proscnat\/programok\/ki-vagyok-en\/","title":{"rendered":"Ki vagyok \u00e9n?"},"content":{"rendered":"\t\t<div data-elementor-type=\"wp-page\" data-elementor-id=\"4321\" class=\"elementor elementor-4321\" data-elementor-post-type=\"page\">\n\t\t\t\t\t\t\t\t\t<section class=\"elementor-section elementor-top-section elementor-element elementor-element-6642e5ff elementor-section-height-min-height elementor-section-boxed elementor-section-height-default elementor-section-items-middle\" data-id=\"6642e5ff\" data-element_type=\"section\" data-settings=\"{&quot;background_background&quot;:&quot;classic&quot;}\">\n\t\t\t\t\t\t\t<div class=\"elementor-background-overlay\"><\/div>\n\t\t\t\t\t\t\t<div class=\"elementor-container elementor-column-gap-default\">\n\t\t\t\t\t<div class=\"elementor-column elementor-col-100 elementor-top-column elementor-element elementor-element-3ccba0a1\" data-id=\"3ccba0a1\" data-element_type=\"column\">\n\t\t\t<div class=\"elementor-widget-wrap elementor-element-populated\">\n\t\t\t\t\t\t\t\t<div class=\"elementor-element elementor-element-5a9d403f elementor-invisible elementor-widget elementor-widget-heading\" data-id=\"5a9d403f\" data-element_type=\"widget\" data-settings=\"{&quot;_animation&quot;:&quot;fadeIn&quot;}\" data-widget_type=\"heading.default\">\n\t\t\t\t<div class=\"elementor-widget-container\">\n\t\t\t<style>\/*! elementor - v3.17.0 - 25-10-2023 *\/\n.elementor-heading-title{padding:0;margin:0;line-height:1}.elementor-widget-heading .elementor-heading-title[class*=elementor-size-]>a{color:inherit;font-size:inherit;line-height:inherit}.elementor-widget-heading .elementor-heading-title.elementor-size-small{font-size:15px}.elementor-widget-heading .elementor-heading-title.elementor-size-medium{font-size:19px}.elementor-widget-heading .elementor-heading-title.elementor-size-large{font-size:29px}.elementor-widget-heading .elementor-heading-title.elementor-size-xl{font-size:39px}.elementor-widget-heading .elementor-heading-title.elementor-size-xxl{font-size:59px}<\/style><h2 class=\"elementor-heading-title elementor-size-default\">Ki vagyok \u00e9n?<\/h2>\t\t<\/div>\n\t\t\t\t<\/div>\n\t\t\t\t<div class=\"elementor-element elementor-element-29ea01df elementor-icon-list--layout-inline elementor-align-center elementor-list-item-link-full_width elementor-invisible elementor-widget elementor-widget-icon-list\" data-id=\"29ea01df\" data-element_type=\"widget\" data-settings=\"{&quot;_animation&quot;:&quot;fadeIn&quot;,&quot;_animation_delay&quot;:200}\" data-widget_type=\"icon-list.default\">\n\t\t\t\t<div class=\"elementor-widget-container\">\n\t\t\t<link rel=\"stylesheet\" href=\"https:\/\/proscnat.org\/proscnat\/wp-content\/plugins\/elementor\/assets\/css\/widget-icon-list.min.css\">\t\t<ul class=\"elementor-icon-list-items elementor-inline-items\">\n\t\t\t\t\t\t\t<li class=\"elementor-icon-list-item elementor-inline-item\">\n\t\t\t\t\t\t\t\t\t\t\t<a href=\"#\">\n\n\t\t\t\t\t\t\t\t\t\t\t<span class=\"elementor-icon-list-text\">Programok > Ki vagyok \u00e9n? (2021)<\/span>\n\t\t\t\t\t\t\t\t\t\t\t<\/a>\n\t\t\t\t\t\t\t\t\t<\/li>\n\t\t\t\t\t\t<\/ul>\n\t\t\t\t<\/div>\n\t\t\t\t<\/div>\n\t\t\t\t\t<\/div>\n\t\t<\/div>\n\t\t\t\t\t\t\t<\/div>\n\t\t<\/section>\n\t\t<div class=\"elementor-element elementor-element-4d904f90 e-flex e-con-boxed e-con e-parent\" data-id=\"4d904f90\" data-element_type=\"container\" data-settings=\"{&quot;content_width&quot;:&quot;boxed&quot;}\" data-core-v316-plus=\"true\">\n\t\t\t\t\t<div class=\"e-con-inner\">\n\t\t\t\t<div class=\"elementor-element elementor-element-1130d7b3 elementor-widget elementor-widget-text-editor\" data-id=\"1130d7b3\" data-element_type=\"widget\" data-widget_type=\"text-editor.default\">\n\t\t\t\t<div class=\"elementor-widget-container\">\n\t\t\t<style>\/*! elementor - v3.17.0 - 25-10-2023 *\/\n.elementor-widget-text-editor.elementor-drop-cap-view-stacked .elementor-drop-cap{background-color:#69727d;color:#fff}.elementor-widget-text-editor.elementor-drop-cap-view-framed .elementor-drop-cap{color:#69727d;border:3px solid;background-color:transparent}.elementor-widget-text-editor:not(.elementor-drop-cap-view-default) .elementor-drop-cap{margin-top:8px}.elementor-widget-text-editor:not(.elementor-drop-cap-view-default) .elementor-drop-cap-letter{width:1em;height:1em}.elementor-widget-text-editor .elementor-drop-cap{float:left;text-align:center;line-height:1;font-size:50px}.elementor-widget-text-editor .elementor-drop-cap-letter{display:inline-block}<\/style>\t\t\t\t<h3><strong>Ki vagyok \u00e9n?<\/strong><\/h3><p><img decoding=\"async\" loading=\"lazy\" class=\"alignnone wp-image-4628 size-large\" src=\"https:\/\/proscnat.org\/proscnat\/wp-content\/uploads\/sites\/4\/2024\/07\/Ki-vagyok-en-724x1024.jpg\" alt=\"\" width=\"724\" height=\"1024\" srcset=\"https:\/\/proscnat.org\/proscnat\/wp-content\/uploads\/sites\/4\/2024\/07\/Ki-vagyok-en-724x1024.jpg 724w, https:\/\/proscnat.org\/proscnat\/wp-content\/uploads\/sites\/4\/2024\/07\/Ki-vagyok-en-212x300.jpg 212w, https:\/\/proscnat.org\/proscnat\/wp-content\/uploads\/sites\/4\/2024\/07\/Ki-vagyok-en-768x1086.jpg 768w, https:\/\/proscnat.org\/proscnat\/wp-content\/uploads\/sites\/4\/2024\/07\/Ki-vagyok-en-1086x1536.jpg 1086w, https:\/\/proscnat.org\/proscnat\/wp-content\/uploads\/sites\/4\/2024\/07\/Ki-vagyok-en-1448x2048.jpg 1448w, https:\/\/proscnat.org\/proscnat\/wp-content\/uploads\/sites\/4\/2024\/07\/Ki-vagyok-en-scaled.jpg 1810w\" sizes=\"(max-width: 724px) 100vw, 724px\" \/><\/p><p style=\"font-weight: 400;\">A k\u00f6z\u00e9piskol\u00e1sok eset\u00e9ben tapasztalhat\u00f3 egy fajta elbizonytalanod\u00e1s a p\u00e1lyaorient\u00e1ci\u00f3 tekintet\u00e9ben, ugyanis l\u00e1tnak maguk el\u0151tt szakm\u00e1kat, hivat\u00e1sokat, de sok esetben a c\u00e9lt nem tudj\u00e1k defini\u00e1lni, a saj\u00e1t c\u00e9ljukat, ami \u0151ket kell\u0151en motiv\u00e1lja, amiben sikeresnek s el\u00e9gedettnek \u00e9rezn\u00e9k magukat. Ezek az \u00e9rz\u00e9sek a legt\u00f6bb esetben az\u00e9rt kavarognak benn\u00fck, mert nem ismerik \u00f6nmagukat kell\u0151 m\u00e9rt\u00e9kben ahhoz, hogy biztosak legyen a d\u00f6nt\u00e9s\u00fckben s f\u00e9lve l\u00e9pik \u00e1t a fels\u0151oktat\u00e1si int\u00e9zm\u00e9nyek kapuj\u00e1t, hogy vajon mi v\u00e1r ott r\u00e1juk. Ezt megel\u0151z\u0151en azonban nagyon fontos lenne, hogy megismerj\u00e9k \u00f6nmagukat, ismerj\u00e9k a m\u00e1r megl\u00e9v\u0151 kompetenci\u00e1ikat, az er\u0151ss\u00e9geiket \u00e9s gyenges\u00e9geiket, valamint a hi\u00e1nyoss\u00e1gaikat is egyar\u00e1nt, fontos lenne tov\u00e1bb\u00e1, hogy tudj\u00e1k, hogy ezek a kompetenci\u00e1k k\u00f6z\u00fcl melyek fejleszthet\u0151ek \u00e9s melyek azok, amik m\u00e1r nem, s ezeket az inform\u00e1ci\u00f3kat figyelembe v\u00e9ve hozz\u00e1k meg a tov\u00e1bbtanul\u00e1sra vonatkoz\u00f3 d\u00f6nt\u00e9seiket.<\/p><p style=\"font-weight: 400;\">A Ki vagyok \u00e9n? c\u00edm\u0171 p\u00e1ly\u00e1zat keret\u00e9ben a <strong>Pro Scientia Naturae Alap\u00edtv\u00e1ny<\/strong> egy nyomtathat\u00f3 plak\u00e1tb\u00f3l \u00e1ll\u00f3 \u00e9s egy online k\u00e9tnyelv\u0171 platformon digitaliz\u00e1lt \u00f6nismeretet \u00e9s kompetenciafejleszt\u00e9st szolg\u00e1l\u00f3 szakmai anyag elk\u00e9sz\u00edt\u00e9s\u00e9t v\u00e9gezte el a szerbiai k\u00f6z\u00e9piskol\u00e1sok sz\u00e1m\u00e1ra szerb \u00e9s magyar nyelven. A p\u00e1ly\u00e1zat c\u00e9lja a szerbiai k\u00f6z\u00e9piskol\u00e1sok felk\u00e9sz\u00edt\u00e9se a p\u00e1lyaorient\u00e1ci\u00f3ra oly m\u00f3don, hogy \u00f6nmaguk megismer\u00e9se \u00e1ltal megbizonyodhassanak r\u00f3la, hogy a v\u00e1lasztott szakma vagy hivat\u00e1s megfelel\u0151 lesz-e sz\u00e1mukra, tov\u00e1bb\u00e1, hogy milyen kompetenci\u00e1kkal rendelkeznek, mik azok, amik m\u00e9g fejleszthet\u0151ek \u00e9s mik azok, amelyek m\u00e1r nem, s ezek az inform\u00e1ci\u00f3k birtok\u00e1ban megk\u00f6nny\u00edthet\u0151 az \u00fat a sikeres \u00e9letp\u00e1lya megv\u00e1laszt\u00e1s\u00e1hoz.<\/p><p style=\"font-weight: 400;\">A program kidolgoz\u00e1s\u00e1t \u00e9s megval\u00f3s\u00edt\u00e1s\u00e1t a <strong>Szerb K\u00f6zt\u00e1rsas\u00e1g Oktat\u00e1si Miniszt\u00e9riuma<\/strong> t\u00e1mogatta.<\/p><p>\u00a0<\/p><p><strong>A program online fel\u00fclete az al\u00e1bbi linken \u00e9rhet\u0151 el:<\/strong><\/p><p><a href=\"https:\/\/elearning.easygenerator.com\/57647519-4506-4c81-9935-544e94e956fb\/\">https:\/\/elearning.easygenerator.com\/57647519-4506-4c81-9935-544e94e956fb\/<\/a><\/p>\t\t\t\t\t\t<\/div>\n\t\t\t\t<\/div>\n\t\t\t\t\t<\/div>\n\t\t\t\t<\/div>\n\t\t\t\t\t\t\t<\/div>\n\t\t","protected":false},"excerpt":{"rendered":"<p>Ki vagyok \u00e9n? Programok > Ki vagyok \u00e9n? (2021) Ki vagyok \u00e9n? A k\u00f6z\u00e9piskol\u00e1sok eset\u00e9ben tapasztalhat\u00f3 egy fajta elbizonytalanod\u00e1s a p\u00e1lyaorient\u00e1ci\u00f3 tekintet\u00e9ben, ugyanis l\u00e1tnak maguk el\u0151tt szakm\u00e1kat, hivat\u00e1sokat, de sok esetben a c\u00e9lt nem tudj\u00e1k defini\u00e1lni, a saj\u00e1t c\u00e9ljukat, ami \u0151ket kell\u0151en motiv\u00e1lja, amiben sikeresnek s el\u00e9gedettnek \u00e9rezn\u00e9k magukat. Ezek az \u00e9rz\u00e9sek a legt\u00f6bb esetben [&hellip;]<\/p>\n","protected":false},"author":4,"featured_media":0,"parent":3535,"menu_order":0,"comment_status":"closed","ping_status":"closed","template":"","meta":{"footnotes":""},"_links":{"self":[{"href":"https:\/\/proscnat.org\/proscnat\/wp-json\/wp\/v2\/pages\/4321"}],"collection":[{"href":"https:\/\/proscnat.org\/proscnat\/wp-json\/wp\/v2\/pages"}],"about":[{"href":"https:\/\/proscnat.org\/proscnat\/wp-json\/wp\/v2\/types\/page"}],"author":[{"embeddable":true,"href":"https:\/\/proscnat.org\/proscnat\/wp-json\/wp\/v2\/users\/4"}],"replies":[{"embeddable":true,"href":"https:\/\/proscnat.org\/proscnat\/wp-json\/wp\/v2\/comments?post=4321"}],"version-history":[{"count":22,"href":"https:\/\/proscnat.org\/proscnat\/wp-json\/wp\/v2\/pages\/4321\/revisions"}],"predecessor-version":[{"id":4727,"href":"https:\/\/proscnat.org\/proscnat\/wp-json\/wp\/v2\/pages\/4321\/revisions\/4727"}],"up":[{"embeddable":true,"href":"https:\/\/proscnat.org\/proscnat\/wp-json\/wp\/v2\/pages\/3535"}],"wp:attachment":[{"href":"https:\/\/proscnat.org\/proscnat\/wp-json\/wp\/v2\/media?parent=4321"}],"curies":[{"name":"wp","href":"https:\/\/api.w.org\/{rel}","templated":true}]}}